{"id":997,"date":"2021-06-01T03:47:46","date_gmt":"2021-06-01T03:47:46","guid":{"rendered":"https:\/\/sacratisimo.com\/?page_id=997"},"modified":"2023-03-02T13:27:47","modified_gmt":"2023-03-02T13:27:47","slug":"nivel-inicial","status":"publish","type":"page","link":"https:\/\/sacratisimo.com\/index.php\/nivel-inicial\/","title":{"rendered":"NIVEL INICIAL"},"content":{"rendered":"\t\t<div data-elementor-type=\"wp-page\" data-elementor-id=\"997\" class=\"elementor elementor-997\" data-elementor-settings=\"[]\">\n\t\t\t\t\t\t<div class=\"elementor-inner\">\n\t\t\t\t\t\t\t<div class=\"elementor-section-wrap\">\n\t\t\t\t\t\t\t<section class=\"elementor-section elementor-top-section elementor-element elementor-element-08a4b6e elementor-section-boxed elementor-section-height-default elementor-section-height-default\" data-id=\"08a4b6e\" data-element_type=\"section\">\n\t\t\t\t\t\t<div class=\"elementor-container elementor-column-gap-default\">\n\t\t\t\t\t\t\t<div class=\"elementor-row\">\n\t\t\t\t\t<div class=\"elementor-column elementor-col-100 elementor-top-column elementor-element elementor-element-97a5c67\" data-id=\"97a5c67\" data-element_type=\"column\">\n\t\t\t<div class=\"elementor-column-wrap elementor-element-populated\">\n\t\t\t\t\t\t\t<div class=\"elementor-widget-wrap\">\n\t\t\t\t\t\t<div class=\"elementor-element elementor-element-781ac7c elementor-invisible elementor-widget elementor-widget-heading\" data-id=\"781ac7c\" data-element_type=\"widget\" data-settings=\"{&quot;_animation&quot;:&quot;fadeInDown&quot;}\" data-widget_type=\"heading.default\">\n\t\t\t\t<div class=\"elementor-widget-container\">\n\t\t\t<h2 class=\"elementor-heading-title elementor-size-default\"><font style=\"vertical-align: inherit;\"><font style=\"vertical-align: inherit;\"><font style=\"vertical-align: inherit;\"><font style=\"vertical-align: inherit;\"><font style=\"vertical-align: inherit;\"><font style=\"vertical-align: inherit;\"><font style=\"vertical-align: inherit;\"><font style=\"vertical-align: inherit;\">NIVEL INICIAL <\/font><\/font><\/font><\/font><\/font><\/font><\/font><\/font><\/h2>\t\t<\/div>\n\t\t\t\t<\/div>\n\t\t\t\t<div class=\"elementor-element elementor-element-095face elementor-widget-divider--view-line elementor-widget elementor-widget-divider\" data-id=\"095face\" data-element_type=\"widget\" data-widget_type=\"divider.default\">\n\t\t\t\t<div class=\"elementor-widget-container\">\n\t\t\t\t\t<div class=\"elementor-divider\">\n\t\t\t<span class=\"elementor-divider-separator\">\n\t\t\t\t\t\t<\/span>\n\t\t<\/div>\n\t\t\t\t<\/div>\n\t\t\t\t<\/div>\n\t\t\t\t\t\t<\/div>\n\t\t\t\t\t<\/div>\n\t\t<\/div>\n\t\t\t\t\t\t\t\t<\/div>\n\t\t\t\t\t<\/div>\n\t\t<\/section>\n\t\t\t\t<section class=\"elementor-section elementor-top-section elementor-element elementor-element-f91d7de elementor-section-boxed elementor-section-height-default elementor-section-height-default\" data-id=\"f91d7de\" data-element_type=\"section\">\n\t\t\t\t\t\t<div class=\"elementor-container elementor-column-gap-default\">\n\t\t\t\t\t\t\t<div class=\"elementor-row\">\n\t\t\t\t\t<div class=\"elementor-column elementor-col-50 elementor-top-column elementor-element elementor-element-47dd436\" data-id=\"47dd436\" data-element_type=\"column\">\n\t\t\t<div class=\"elementor-column-wrap elementor-element-populated\">\n\t\t\t\t\t\t\t<div class=\"elementor-widget-wrap\">\n\t\t\t\t\t\t<div class=\"elementor-element elementor-element-5fda974 elementor-widget elementor-widget-heading\" data-id=\"5fda974\" data-element_type=\"widget\" data-widget_type=\"heading.default\">\n\t\t\t\t<div class=\"elementor-widget-container\">\n\t\t\t<h2 class=\"elementor-heading-title elementor-size-medium\"><font style=\"vertical-align: inherit;\"><font style=\"vertical-align: inherit;\"><font style=\"vertical-align: inherit;\"><font style=\"vertical-align: inherit;\">JORNADA SIMPLE Y COMPLETA OPTATIVA CON TALLERES 3, 4 Y 5 A\u00d1OS<\/font><\/font><\/font><\/font><\/h2>\t\t<\/div>\n\t\t\t\t<\/div>\n\t\t\t\t\t\t<\/div>\n\t\t\t\t\t<\/div>\n\t\t<\/div>\n\t\t\t\t<div class=\"elementor-column elementor-col-50 elementor-top-column elementor-element elementor-element-b9df980\" data-id=\"b9df980\" data-element_type=\"column\">\n\t\t\t<div class=\"elementor-column-wrap\">\n\t\t\t\t\t\t\t<div class=\"elementor-widget-wrap\">\n\t\t\t\t\t\t\t\t<\/div>\n\t\t\t\t\t<\/div>\n\t\t<\/div>\n\t\t\t\t\t\t\t\t<\/div>\n\t\t\t\t\t<\/div>\n\t\t<\/section>\n\t\t\t\t<section class=\"elementor-section elementor-top-section elementor-element elementor-element-2f64ee3 elementor-section-boxed elementor-section-height-default elementor-section-height-default\" data-id=\"2f64ee3\" data-element_type=\"section\">\n\t\t\t\t\t\t<div class=\"elementor-container elementor-column-gap-default\">\n\t\t\t\t\t\t\t<div class=\"elementor-row\">\n\t\t\t\t\t<div class=\"elementor-column elementor-col-50 elementor-top-column elementor-element elementor-element-96e3ef0\" data-id=\"96e3ef0\" data-element_type=\"column\">\n\t\t\t<div class=\"elementor-column-wrap elementor-element-populated\">\n\t\t\t\t\t\t\t<div class=\"elementor-widget-wrap\">\n\t\t\t\t\t\t<div class=\"elementor-element elementor-element-95ea010 elementor-position-top elementor-vertical-align-top elementor-widget elementor-widget-image-box\" data-id=\"95ea010\" data-element_type=\"widget\" data-widget_type=\"image-box.default\">\n\t\t\t\t<div class=\"elementor-widget-container\">\n\t\t\t<div class=\"elementor-image-box-wrapper\"><figure class=\"elementor-image-box-img\"><img loading=\"lazy\" decoding=\"async\" width=\"808\" height=\"1280\" src=\"https:\/\/sacratisimo.com\/wp-content\/uploads\/2021\/06\/WhatsApp-Image-2021-06-19-at-11.10.07-1.jpeg\" class=\"attachment-full size-full\" alt=\"\" srcset=\"https:\/\/sacratisimo.com\/wp-content\/uploads\/2021\/06\/WhatsApp-Image-2021-06-19-at-11.10.07-1.jpeg 808w, https:\/\/sacratisimo.com\/wp-content\/uploads\/2021\/06\/WhatsApp-Image-2021-06-19-at-11.10.07-1-189x300.jpeg 189w, https:\/\/sacratisimo.com\/wp-content\/uploads\/2021\/06\/WhatsApp-Image-2021-06-19-at-11.10.07-1-646x1024.jpeg 646w, https:\/\/sacratisimo.com\/wp-content\/uploads\/2021\/06\/WhatsApp-Image-2021-06-19-at-11.10.07-1-768x1217.jpeg 768w\" sizes=\"auto, (max-width: 808px) 100vw, 808px\" \/><\/figure><div class=\"elementor-image-box-content\"><h3 class=\"elementor-image-box-title\">TURNO MA\u00d1ANA<\/h3><p class=\"elementor-image-box-description\"><font style=\"vertical-align: inherit;\"><font style=\"vertical-align: inherit;\"><font style=\"vertical-align: inherit;\"><font style=\"vertical-align: inherit;\"><font style=\"vertical-align: inherit;\"><font style=\"vertical-align: inherit;\">SALA DE 2 A\u00d1OS <\/font><\/font><\/font><\/font><\/font><\/font><br><font style=\"vertical-align: inherit;\"><font style=\"vertical-align: inherit;\"><font style=\"vertical-align: inherit;\"><font style=\"vertical-align: inherit;\"><font style=\"vertical-align: inherit;\"><font style=\"vertical-align: inherit;\">SALA DE 3 A\u00d1OS <\/font><\/font><\/font><\/font><\/font><\/font><br><font style=\"vertical-align: inherit;\"><font style=\"vertical-align: inherit;\"><font style=\"vertical-align: inherit;\"><font style=\"vertical-align: inherit;\"><font style=\"vertical-align: inherit;\"><font style=\"vertical-align: inherit;\">SALA DE 4 A\u00d1OS<\/font><\/font><\/font><\/font><\/font><\/font><br><font style=\"vertical-align: inherit;\"><font style=\"vertical-align: inherit;\"><font style=\"vertical-align: inherit;\"><font style=\"vertical-align: inherit;\"> SALA DE 5 A\u00d1OS<\/font><\/font><\/font><\/font><font style=\"vertical-align: inherit;\"><\/font><\/p><\/div><\/div>\t\t<\/div>\n\t\t\t\t<\/div>\n\t\t\t\t\t\t<\/div>\n\t\t\t\t\t<\/div>\n\t\t<\/div>\n\t\t\t\t<div class=\"elementor-column elementor-col-50 elementor-top-column elementor-element elementor-element-841d507\" data-id=\"841d507\" data-element_type=\"column\">\n\t\t\t<div class=\"elementor-column-wrap elementor-element-populated\">\n\t\t\t\t\t\t\t<div class=\"elementor-widget-wrap\">\n\t\t\t\t\t\t<div class=\"elementor-element elementor-element-1536e5c elementor-position-top elementor-vertical-align-top elementor-widget elementor-widget-image-box\" data-id=\"1536e5c\" data-element_type=\"widget\" data-widget_type=\"image-box.default\">\n\t\t\t\t<div class=\"elementor-widget-container\">\n\t\t\t<div class=\"elementor-image-box-wrapper\"><figure class=\"elementor-image-box-img\"><img loading=\"lazy\" decoding=\"async\" width=\"842\" height=\"1280\" src=\"https:\/\/sacratisimo.com\/wp-content\/uploads\/2021\/06\/WhatsApp-Image-2021-06-19-at-11.10.07.jpeg\" class=\"attachment-full size-full\" alt=\"\" srcset=\"https:\/\/sacratisimo.com\/wp-content\/uploads\/2021\/06\/WhatsApp-Image-2021-06-19-at-11.10.07.jpeg 842w, https:\/\/sacratisimo.com\/wp-content\/uploads\/2021\/06\/WhatsApp-Image-2021-06-19-at-11.10.07-197x300.jpeg 197w, https:\/\/sacratisimo.com\/wp-content\/uploads\/2021\/06\/WhatsApp-Image-2021-06-19-at-11.10.07-674x1024.jpeg 674w, https:\/\/sacratisimo.com\/wp-content\/uploads\/2021\/06\/WhatsApp-Image-2021-06-19-at-11.10.07-768x1168.jpeg 768w\" sizes=\"auto, (max-width: 842px) 100vw, 842px\" \/><\/figure><div class=\"elementor-image-box-content\"><h3 class=\"elementor-image-box-title\">TURNO TARDE<\/h3><p class=\"elementor-image-box-description\"><font style=\"vertical-align: inherit;\"><font style=\"vertical-align: inherit;\"><font style=\"vertical-align: inherit;\"><font style=\"vertical-align: inherit;\"><font style=\"vertical-align: inherit;\"><font style=\"vertical-align: inherit;\"><font style=\"vertical-align: inherit;\"><font style=\"vertical-align: inherit;\"><font style=\"vertical-align: inherit;\"><font style=\"vertical-align: inherit;\"><font style=\"vertical-align: inherit;\"><font style=\"vertical-align: inherit;\">SALA DE 2 A\u00d1OS <\/font><\/font><\/font><\/font><\/font><\/font><\/font><\/font><\/font><\/font><\/font><\/font><br><font style=\"vertical-align: inherit;\"><font style=\"vertical-align: inherit;\"><font style=\"vertical-align: inherit;\"><font style=\"vertical-align: inherit;\"><font style=\"vertical-align: inherit;\"><font style=\"vertical-align: inherit;\"><font style=\"vertical-align: inherit;\"><font style=\"vertical-align: inherit;\"><font style=\"vertical-align: inherit;\"><font style=\"vertical-align: inherit;\"><font style=\"vertical-align: inherit;\"><font style=\"vertical-align: inherit;\">SALA DE 3 A\u00d1OS<\/font><\/font><\/font><\/font><\/font><\/font><\/font><\/font><\/font><\/font><\/font><\/font><br><font style=\"vertical-align: inherit;\"><\/font><br><font style=\"vertical-align: inherit;\"><font style=\"vertical-align: inherit;\"><font style=\"vertical-align: inherit;\"><font style=\"vertical-align: inherit;\"><b><font style=\"vertical-align: inherit;\"><font style=\"vertical-align: inherit;\">TALLERES OPTATIVOS<\/font><\/font><\/b><\/font><\/font><\/font><\/font><br><font style=\"vertical-align: inherit;\"><font style=\"vertical-align: inherit;\"><font style=\"vertical-align: inherit;\"><font style=\"vertical-align: inherit;\"> SALA DE 4 A\u00d1OS<\/font><\/font><\/font><\/font><br><font style=\"vertical-align: inherit;\"><font style=\"vertical-align: inherit;\">SALA DE 5 A\u00d1OS<\/font><\/font><br><font style=\"vertical-align: inherit;\"><\/font>SALA DE 3 A\u00d1OS<\/p><\/div><\/div>\t\t<\/div>\n\t\t\t\t<\/div>\n\t\t\t\t\t\t<\/div>\n\t\t\t\t\t<\/div>\n\t\t<\/div>\n\t\t\t\t\t\t\t\t<\/div>\n\t\t\t\t\t<\/div>\n\t\t<\/section>\n\t\t\t\t\t\t<\/div>\n\t\t\t\t\t\t<\/div>\n\t\t\t\t\t<\/div>\n\t\t","protected":false},"excerpt":{"rendered":"<p>NIVEL INICIAL JORNADA SIMPLE Y COMPLETA OPTATIVA CON TALLERES 3, 4 Y 5 A\u00d1OS TURNO MA\u00d1ANA SALA DE 2 A\u00d1OS SALA DE 3 A\u00d1OS SALA DE 4 A\u00d1OS SALA DE 5 A\u00d1OS TURNO TARDE SALA DE 2 A\u00d1OS SALA DE 3 A\u00d1OSTALLERES OPTATIVOS SALA DE 4 A\u00d1OSSALA DE 5 A\u00d1OSSALA DE 3 A\u00d1OS<\/p>\n","protected":false},"author":1,"featured_media":0,"parent":0,"menu_order":0,"comment_status":"closed","ping_status":"closed","template":"","meta":{"footnotes":""},"class_list":["post-997","page","type-page","status-publish","hentry"],"_links":{"self":[{"href":"https:\/\/sacratisimo.com\/index.php\/wp-json\/wp\/v2\/pages\/997","targetHints":{"allow":["GET"]}}],"collection":[{"href":"https:\/\/sacratisimo.com\/index.php\/wp-json\/wp\/v2\/pages"}],"about":[{"href":"https:\/\/sacratisimo.com\/index.php\/wp-json\/wp\/v2\/types\/page"}],"author":[{"embeddable":true,"href":"https:\/\/sacratisimo.com\/index.php\/wp-json\/wp\/v2\/users\/1"}],"replies":[{"embeddable":true,"href":"https:\/\/sacratisimo.com\/index.php\/wp-json\/wp\/v2\/comments?post=997"}],"version-history":[{"count":16,"href":"https:\/\/sacratisimo.com\/index.php\/wp-json\/wp\/v2\/pages\/997\/revisions"}],"predecessor-version":[{"id":2729,"href":"https:\/\/sacratisimo.com\/index.php\/wp-json\/wp\/v2\/pages\/997\/revisions\/2729"}],"wp:attachment":[{"href":"https:\/\/sacratisimo.com\/index.php\/wp-json\/wp\/v2\/media?parent=997"}],"curies":[{"name":"wp","href":"https:\/\/api.w.org\/{rel}","templated":true}]}}